20
Convert -131302 (base 4) to base 2.
-11101110010
Convert 5329 (base 14) to base 5.
424340
What is -691 (base 11) in base 15?
-3a1
What is -9f (base 16) in base 13?
-c3
Convert 542 (base 8) to base 13.
213
What is -4361 (base 11) in base 6?
-42350
Convert -88b4 (base 13) to base 14.
-6d47
What is 100021 (base 4) in base 2?
10000001001
What is -1720 (base 11) in base 2?
-100010011000
-750 (base 9) to base 8
-1144
What is -321 (base 12) in base 16?
-1c9
549 (base 12) to base 6
3333
Convert -11212202 (base 3) to base 13.
-1808
Convert -2110 (base 13) to base 15.
-1551
What is 4512 (base 7) in base 3?
2020020
7345 (base 11) to base 8
23001
Convert 1712 (base 12) to base 16.
abe
446b (base 13) to base 4
2111101
Convert -1318 (base 13) to base 15.
-c1a
What is 8a2 (base 13) in base 6?
10512
What is 1474 (base 14) in base 2?
111000101110
Convert -3494 (base 12) to base 7.
-23056
Convert -150055 (base 6) to base 3.
-201121022
What is -189 (base 10) in base 11?
-162
Convert 8617 (base 13) to base 14.
6ad4
What is 4543 (base 10) in base 16?
11bf
Convert -5608 (base 12) to base 3.
-111001022
4232 (base 5) to base 16
237
What is 1100101000 (base 2) in base 6?
3424
What is 1437 (base 8) in base 12?
567
Convert 402 (base 6) to base 13.
b3
Convert 1500 (base 6) to base 11.
330
Convert -4919 (base 11) to base 2.
-1100100100001
11340 (base 6) to base 11
1265
Convert -12716 (base 13) to base 8.
-102555
Convert 2601 (base 9) to base 5.
30240
-1044 (base 6) to base 10
-244
What is -1058 (base 9) in base 4?
-30032
What is 1010110 (base 3) in base 15?
39c
What is -669b (base 13) in base 3?
-201122112
Convert 10100010111010 (base 2) to base 8.
24272
-1654 (base 12) to base 13
-1294
Convert -3111221 (base 5) to base 3.
-2120200220
What is 15c3 (base 14) in base 13?
1a08
What is 17 (base 16) in base 7?
32
Convert -1084 (base 12) to base 16.
-724
What is 10100001010110 (base 2) in base 7?
42051
What is -167440 (base 8) in base 15?
-13211
-273 (base 13) to base 6
-2000
-1011001000011001 (base 2) to base 15
-d798
What is 591 (base 14) in base 8?
2123
4257 (base 11) to base 8
12774
Convert 10101110010 (base 2) to base 11.
1058
910 (base 12) to base 15
5c3
What is 66223 (base 9) in base 12?
21503
Convert 22684 (base 9) to base 8.
35446
Convert 124 (base 7) to base 2.
1000011
What is 124a (base 14) in base 13?
15c4
-2020 (base 4) to base 13
-a6
Convert -1157a (base 11) to base 14.
-6104
Convert 311011 (base 6) to base 8.
60417
Convert 286 (base 9) to base 13.
156
-11c4 (base 16) to base 12
-2770
What is 30464 (base 9) in base 13?
9196
Convert 186 (base 16) to base 4.
12012
What is 2820 (base 12) in base 14?
198c
What is -1aa (base 14) in base 8?
-532
Convert -1cb2 (base 15) to base 13.
-2ac2
What is -604 (base 8) in base 3?
-112101
-4051 (base 6) to base 9
-1204
What is 11210 (base 4) in base 3?
111012
What is -1002 (base 9) in base 4?
-23123
What is 102120222 (base 3) in base 4?
2010002
4432 (base 13) to base 14
366d
Convert 1274 (base 8) to base 12.
4a4
11001011 (base 2) to base 14
107
What is -b344 (base 13) in base 16?
-609a
Convert 46062 (base 7) to base 8.
26672
Convert a7 (base 13) to base 8.
211
-2140 (base 6) to base 5
-3432
What is -111201 (base 3) in base 7?
-1036
Convert 34044 (base 5) to base 16.
95f
What is -1101001 (base 2) in base 6?
-253
What is 33261 (base 8) in base 11?
a579
Convert 24352 (base 11) to base 16.
88d2
What is -902 (base 14) in base 4?
-123212
11 (base 8) to base 3
100
What is -107642 (base 8) in base 5?
-2134040
What is -83c8 (base 15) in base 8?
-66327
-60e8 (base 15) to base 9
-31062
What is -7917 (base 11) in base 2?
-10100010111000
Convert 210202011 (base 3) to base 14.
5ac5
What is -1bb (base 15) in base 16?
-191
What is -1567 (base 12) in base 6?
-15411
Convert 151 (base 14) to base 16.
10b
Convert a8 (base 16) to base 12.
120
-424 (base 7) to base 16
-d6
Convert -270 (base 12) to base 11.
-309
What is 2113 (base 5) in base 6?
1151
What is 10000 (base 4) in base 14?
144
-22310 (base 4) to base 12
-498
What is 564 (base 9) in base 3?
122011
What is -1543 (base 6) in base 9?
-520
What is 112101 (base 3) in base 2?
110000100
Convert -2112 (base 5) to base 12.
-1b6
What is 11001011000 (base 2) in base 5?
22444
Convert -44655 (base 7) to base 11.
-8552
-6025 (base 7) to base 8
-4035
What is 10110110110 (base 2) in base 8?
2666
What is -656 (base 9) in base 15?
-25c
-146e (base 16) to base 2
-1010001101110
What is 863c (base 14) in base 11?
16465
What is 1001202 (base 3) in base 10?
776
Convert 227 (base 11) to base 7.
535
Convert -22000 (base 5) to base 8.
-2734
What is 43 (base 9) in base 2?
100111
-8966 (base 12) to base 2
-11101101011110
What is -12210 (base 4) in base 2?
-110100100
What is 151 (base 6) in base 8?
103
-780 (base 10) to base 9
-1056
What is -33023 (base 4) in base 9?
-1288
Convert -23442 (base 6) to base 10.
-3410
Convert 12060 (base 7) to base 10.
3129
What is 3741 (base 10) in base 9?
5116
What is -11152 (base 6) in base 5?
-22310
What is -1792 (base 10) in base 15?
-7e7
-10321 (base 4) to base 11
-265
-2351 (base 9) to base 12
-1017
-73a (base 11) to base 4
-31322
-cbc (base 13) to base 8
-4207
What is 4605 (base 8) in base 10?
2437
Convert 1b4 (base 15) to base 13.
244
What is 107700 (base 9) in base 15?
14299
What is 3b20 (base 16) in base 13?
6b74
25151 (base 6) to base 5
104424
-10010101111001 (base 2) to base 12
-5675
What is 601 (base 8) in base 5?
3020
Convert -1244 (base 6) to base 5.
-2231
What is 144 (base 12) in base 11?
169
What is -b3b (base 13) in base 14?
-9a5
What is -113020 (base 4) in base 10?
-1480
Convert 4041020 (base 5) to base 16.
fe6f
2140 (base 5) to base 8
447
What is 4e (base 16) in base 6?
210
What is -48a (base 12) in base 15?
-307
44425 (base 9) to base 14
aa79
Convert -34b (base 13) to base 3.
-210010
151 (base 10) to base 16
97
Convert -31001 (base 5) to base 11.
-155a
What is 10432 (base 5) in base 8?
1346
What is -4a8 (base 14) in base 11?
-778
Convert 632 (base 12) to base 9.
1212
What is 11100011 (base 2) in base 6?
1015
What is -1213 (base 4) in base 3?
-10211
What is 32 (base 16) in base 14?
38
Convert -124123 (base 6) to base 7.
-44616
Convert 1655 (base 16) to base 12.
3385
What is 2345 (base 10) in base 4?
210221
Convert 10010011110 (base 2) to base 14.
606
Convert 537 (base 9) to base 7.
1165
What is -6713 (base 8) in base 14?
-1403
Convert 1411 (base 14) to base 12.
2073
What is -2 (base 16) in base 12?
-2
What is 449 (base 11) in base 9?
656
Convert 352 (base 16) to base 7.
2323
Convert 6675 (base 9) to base 15.
16d8
-1000001110101 (base 2) to base 13
-1bc1
What is 2113 (base 7) in base 4?
23221
Convert 491 (base 10) to base 6.
2135
What is 138 (base 15) in base 7?
545
Convert -698 (base 15) to base 12.
-a45
11420 (base 10) to base 8
26234
15608 (base 11) to base 15
67da
What is -875 (base 16) in base 2?
-100001110101
-7535 (base 11) to base 15
-2e40
What is -12a62 (base 14) in base 9?
-70025
Convert 1434 (base 5) to base 7.
466
11010011010 (base 2) to base 15
77a
12b0 (base 14) to base 4
303122
-120 (base 11) to base 13
-b0
-8721 (base 9) to base 7
-24466
Convert 2101 (base 5) to base 7.
543
-1303211 (base 4) to base 2
-1110011100101
What is 3220232 (base 4) in base 3?
202102122
2411 (base 6) to base 5
4313
What is -445 (base 14) in base 2?
-1101001101
What is 342 (base 6) in base 13?
a4
a096 (base 14) to base 15
8282
Convert -151550 (base 6) to base 11.
-10038
Convert -40a (base 11) to base 7.
-1304
What is 32022320 (base 4) in base 3?
2221121122
Convert 140663 (base 7) to base 14.
9a6a
Convert -4441 (base 5) to base 6.
-2513
Convert -375 (base 13) to base 10.
-603
414 (base 8) to base 16
10c
Convert -1c4 (base 13) to base 12.
-235
What is 1320214 (base 5) in base 4?
12123011
-4242 (base 8) to base 14
-b3c
b488 (base 12) to base 7
111254
-24677 (base 9) to base 14
-6094
What is -1210210122 (base 3) in base 4?
-20223320
224 (base 8) to base 3
12111
Convert -112101 (base 3) to base 4.
-12010
What is 2440404 (base 5) in base 14?
12c70
10366 (base 9) to base 13
3180
6880 (base 10) to base 11
5195
4440 (base 6) to base 9
1366
67040 (base 8) to base 9
42604
What is -4783 (base 9) in base 4?
-313212
764c (base 14) to base 10
20452
What is 26b1 (base 14) in base 6?
51323
-10